*3/3 + 14. Let c(u) be the third derivative of s(u). Give c(6).
15
Let v be 17 - 8*165/120. Let p(j) = -2*j**2 + 4*j - 4. Determine p(v).
-52
Suppose -4*b - 884 = -112*b - 6068. Let m(x) = -x**2 - 59*x - 519. Calculate m(b).
9
Let w be (12/4 + -4)*-13. Let h = w - 15. Let k be h - 5/((-20)/8). Let v(g) = -g. Calculate v(k).
0
Let p(l) be the third derivative of l**6/120 - l**5/12 + l**4/24 - 2*l**2. Let m be 1/(1/18)*(-546)/(-2457). Determine p(m).
-12
Let q(b) = -3*b**3 - b**2 - 3*b - 11. Let k(i) = -3*i**3 - i**2 - 2*i - 9. Let s(t) = -7*k(t) + 6*q(t). Suppose -79 = 10*g - 59. Determine s(g).
-15
Let n(l) = l**2 + 9*l + 11. Let f = -32 + 45. Suppose 0 = f*s + 116 + 1. Calculate n(s).
11
Let p(b) = 4*b - 161. Let v(q) = -q + 89. Let x(j) = -4*p(j) - 7*v(j). Give x(0).
21
Let w = -542 + 508. Let m = -32 - w. Let f(q) = -25*q + 2. What is f(m)?
-48
Let o(m) be the second derivative of -5*m**3/6 + 49*m**2 + 2*m - 5536. Determine o(16).
18
Let m(k) = -12*k - 55. Let o be m(-4). Let x = -11 + 19. Let a(c) = 3*c + c**3 + x*c**2 + c + 4*c. Give a(o).
-7
Suppose -7 = 5*p - 4*p. Let i(c) = 1208*c - 1199*c + 15 - 6*c**3 + 9*c**2 - 25 + 7*c**3. Determine i(p).
25
Suppose 2*v = d, -5*v + 17 + 4 = d. Let t(k) be the third derivative of -19*k**2 + 0*k + 0 - 5/6*k**v + 1/10*k**5 + 1/12*k**4 - 1/120*k**6. Determine t(6).
7
Let j be (-1 + 180/24 + 3 + -8)*2. Let u(t) be the first derivative of 1/3*t**j - 4*t**2 - 15 - 10*t. Determine u(9).
-1
Suppose 2*w - 6 = w. Let i(m) be the second derivative of -23*m + 0*m**2 - 1/2*m**4 + 1/20*m**5 + 0 - 1/3*m**3. Calculate i(w).
-12
Let m(h) = 6*h + 1. Let b be m(-1). Let i = 203 - 190. Let q(y) = -2*y + 2*y**2 + 26 - i - y**2 - 15 + 7*y. Give q(b).
-2
Let j(p) = p**3 + 5*p**2 - 64*p + 12. Let y = -16814 + 16803. Calculate j(y).
-10
Let n = -605 + 607. Let y(w) be the first derivative of -5/2*w**n - 17 - 1/4*w**4 + 8*w - 7/3*w**3. Determine y(-6).
2
Suppose 0 = -22*w + 127 - 17. Suppose 0 = 2*h - 2*g - 2, -w*h + g + 7 = -3*h. Let b(l) = 2*l**2 - 6*l - 6. What is b(h)?
30
Let p(n) = n**2 + 4*n - 18. Let j(g) = -15*g**2 - 852*g + 160. Let y be j(-57). Give p(y).
59
Let d(p) = -p**3 - 11*p**2 + 5*p + 1. Let u(h) = -3*h**3 - 33*h**2 + 21*h + 2. Let j(a) = 7*d(a) - 2*u(a). Determine j(-8).
-133
Let g(w) = -3 - 1640*w + 1651*w - 4 - 4 - 3*w**3 + 9*w**2 + 2*w**3. Calculate g(10).
-1
Suppose -6*q + q = -5. Suppose -2*f = -9 - q. Let t(l) = 2*l**2 - 2*l + 1. Let c(w) = 13*w**2 - 15*w + 7. Let h(d) = -c(d) + 6*t(d). Give h(f).
-11
Let j(s) = 7*s**3 + 21*s**2 + 15*s + 30. Let t(i) = -3*i**3 - 10*i**2 - 7*i - 14. Let x(o) = -5*o + 126. Let m be x(27). Let h(r) = m*t(r) - 4*j(r). Give h(7).
-22
Let i(z) = z. Let f(x) = -6*x - 10. Let q(a) = -f(a) - 5*i(a). Let v be (-1 - -12)*(1 - 0). Suppose -v*d + 13*d + 22 = 0. Determine q(d).
-1
Let p(g) be the second derivative of -19*g**3/6 - 3*g**2/2 - 28*g - 27. What is p(-5)?
92
Let s(j) be the third derivative of j**4/8 + j**3 + 54*j**2 + 5*j - 1. What is s(-2)?
0
Let n be (-2)/(-2 + 0 + 1). Let a(x) = -1 + 4 - n*x**2 - 5*x - 4*x + x**2. Let w be (-7 + -5)*(-2)/(-3). Give a(w).
11
Let z(l) = -3*l**3 + 3*l**3 + 38812*l**2 - 38808*l**2 + 7*l + l**3 + 20. Give z(-5).
-40
Suppose -6*k - 2*z = 46, 0 = -k - 15*z + 17*z + 4. Let j(l) = -13*l - 72. Calculate j(k).
6
Let q(y) = -y**2 + 7*y + 54. Let v be q(12). Let n(i) = i**2 + 22*i + 8. Determine n(v).
-88
Let b(j) = -11*j**3 - 73*j**2 + 51*j - 136. Let r(g) = -2*g**3 - 5*g**2 + g - 1. Let n(m) = b(m) - 6*r(m). Determine n(42).
-4
Let g(z) = -4*z**2 + 5*z + 11. Let k(f) be the first derivative of 3*f**3 - 5*f**2 - 24*f + 107. Let v(a) = 7*g(a) + 3*k(a). Determine v(6).
-1
Let t(g) = 2 - g**3 + 3628*g**2 + 23*g - 1808*g**2 - 1809*g**2 - 1. Calculate t(13).
-38
Suppose 8 = -206*d + 209*d - 4*o, 5*d = -o + 44. Let g(v) = v**3 - 7*v**2 - 9*v + 13. Calculate g(d).
5
Let n(l) = -l**3 - 4*l**2 - 2*l. Let h be n(-3). Let q(u) be the first derivative of -u**4/4 - u**3 - 5*u**2/2 - 2*u + 101. Determine q(h).
13
Let f(d) = 4*d**3 + 6*d**2 - 3*d + 10. Let k(c) = 5*c**3 + 8*c**2 - 7*c + 13. Let v(i) = 3*f(i) - 2*k(i). Determine v(-2).
-14
Let t(p) = -p**2 + 8*p - 10. Let k(l) = 6*l**2 + 7*l + 23. Let x be k(-3). Let o be 464/x - (-2)/(-7). Determine t(o).
-10
Suppose -i + 4 = 2*j, 4*j + 26 - 10 = 2*i. Let k(q) be the third derivative of -q**6/120 + 7*q**5/60 - 5*q**4/24 + q**3/6 - 19*q**2 - 24*q. Give k(i).
7
Let v(m) be the second derivative of m**4/12 - 7*m**3/3 + 17*m**2/2 - 2*m. Let l(u) = 490*u - 1457. Let a be l(3). What is v(a)?
4
Suppose -369 = 127*g - 4*g. Let l(u) be the first derivative of 4*u - 2 + 1/3*u**3 + u**2. Determine l(g).
7
Let z(j) = -4*j + 5. Let o be -6*7/((-14)/16). Let t = 47 - o. Let s(b) = -b + 1. Let q(c) = t*s(c) + z(c). Give q(3).
-5
Let c = 2 - -10. Let l(q) = q - 19. Let f(k) = 2*k - 41. Let n(b) = 4*f(b) - 9*l(b). What is n(c)?
-5
Let z(t) be the first derivative of -t**4/4 - 2*t**3 + 9*t**2/2 + 6*t - 58. Determine z(-7).
-8
Let j(k) be the first derivative of 8*k**4 + 2*k**3/3 - k + 1. Let z = -1232 + 1231. What is j(z)?
-31
Suppose -5*h - 2*f - 8 + 31 = 0, -4*f + 16 = 0. Suppose 4*v + h*v - 7 = 0. Let j(w) = -2*w + 4*w - 3*w + 3 + v. What is j(0)?
4
Suppose -2*g = -1 - 7. Suppose -2*s + 13 = -g*w - 3, -w - 5*s - 4 = 0. Let y(r) = 4*r**2 - 2*r + r**3 - 1 + r**3 - r**3. Calculate y(w).
7
Let x(b) = 4*b + 69. Let s = -3503 + 3485. Calculate x(s).
-3
Let z(l) = l**2 - 60*l + 454. Suppose 511 = 25*g + 50*g - 164. Calculate z(g).
-5
Let q = -129 - -151. Let c(z) = 10*z**2 - 10*z + 22. Let j(h) = -h**2 + h - 2. Let l(d) = q*j(d) + 2*c(d). What is l(2)?
-4
Let n(l) = l + 7. Let a(m) = -m + 21. Let q(c) = -2*c + 19. Let z(x) = -5*a(x) + 4*q(x). Let b(w) = -9*n(w) - 2*z(w). Give b(-6).
13
Let z = -96 + 109. Let v(i) = -i + 0*i**2 + 11*i - z*i - 3*i**2. Give v(-2).
-6
Let u(h) = 4*h + 11. Suppose 6*x - 2*x + 24 = -4*c, 3*c = 5*x + 38. Give u(c).
15
Let k(o) = -o**2 - 20*o + 32. Let j(h) = 2*h**2 - 68*h + 429. Let l be j(25). Give k(l).
11
Let h(f) = -f**3 + 15*f**2 - 28*f + 25. Let l(w) = 6*w**2 - 625*w + 117. Let r be l(104). Determine h(r).
-1
Let r = 21 - -15. Let w(d) = -r - 26 + 84 - 40 - 2*d. Determine w(-9).
0
Let b = 26184 + -26183. Let i(y) be the first derivative of 3*y**2 + 1 + y - 3*y**2 - 3*y**2. What is i(b)?
-5
Let z(t) = -4*t - 1. Suppose -27*j - 70 = -20*j. Let g(w) = w**2 + 14*w + 36. Let v be g(j). Give z(v).
15
Let r be -5 + -245*(-1)/10*4. Let q(s) = -s**3 + 18*s**2 + 14*s + 5. Let v be q(19). Let d = r + v. Let m(b) = b - 3. Determine m(d).
0
Let j(g) be the second derivative of 0 + 149*g + 15/2*g**2 - 1/3*g**3. Determine j(10).
-5
Suppose m + 368 = 2*v, 2*m + 3*v - 210 = -939. Let k = 363 + m. Let p(z) = -2*z - 3. Determine p(k).
3
Let s(b) = b**3 - b**2 + 41060*b + 6*b**3 - 41061*b. Suppose 4*d = -5*f - 25, -3*f + 23 - 6 = -4*d. Calculate s(f).
-7
Let u(c) be the first derivative of -5*c**3/3 - c**2 - c + 8. Let q be (-4 - -8) + -2 + 15. Let y = -18 + q. Determine u(y).
-4
Let s be (-134)/(-11) - (-28)/(-154). Let m be (-4)/(-24)*-15*s/5. Let l(d) = -d**2 - 8*d - 13. Calculate l(m).
-1
Let l(o) be the first derivative of -4*o**3/3 + 5*o**2/2 - 2*o - 8257. Determine l(2).
-8
Let y(i) = i**3 - 10*i**2 - 12*i + 10. Suppose -6 = -2*q - 4*b, -31 = -0*q - 3*q + 5*b. Suppose 5*r + 5*u = 30, 7*r + q = 9*r + 3*u. What is y(r)?
-1
Suppose -21*z + 24*z = 3*p, -4*z - 3*p = -28. Let f(m) = -12*m + 58. Determine f(z).
10
Let z be (-56)/(-98) + 74/(-7). Let t(c) = -16*c + 16. Let h(n) = -6*n + 8. Let q(y) = -5*h(y) + 2*t(y). Determine q(z).
12
Let u(m) = -9*m**3 - 2*m**2 - 2*m - 6. Let l(g) = -9*g**3 - 2*g**2 - 2*g - 5. Let j(v) = 5*l(v) - 4*u(v). Let x = -6452 - -6451. What is j(x)?
8
Suppose 4 - 36 = 4*g. Let x(q) = -6153*q - 4*q**2 - 10 + 6159*q + 2 + 0 + 5*q**2. Calculate x(g).
8
Let v = 1610 + -1598. Let j(a) = 11. Let s(c) = -c. Let q(d) = j(d) + s(d). What is q(v)?
-1
Let b(x) = 14*x**2 - 2*x - 1. Let p be ((-49)/14)/((-3)/12). Suppose -4*t - 3*r = -t, 4*t = 3*r + p. Suppose -t = w + w. What is b(w)?
15
Let s(f) = f**2 - 26*f + 109. Suppose c - 17*p - 11 = -15*p, -2*p = -5*c + 103. Determine s(c).
40
Let y be 0 - ((-1)/(-1) - 18). Let z be 2176/357 + (-4)/42. Let m(t) = -17*t - 5. Let d(p) = 51*p + 14. Let j(a) = 